True
Is 156419 a prime number?
True
Is 128627 composite?
True
Is 1070339 prime?
True
Is 6059 composite?
True
Is 1672037 composite?
False
Is 1727 a composite number?
True
Is 59113 composite?
False
Is 365321 a composite number?
True
Is 91513 a composite number?
False
Is 48053 a prime number?
False
Is 289661 a composite number?
True
Is 4169 a composite number?
True
Is 189583 composite?
False
Is 67247 prime?
True
Is 111577 prime?
True
Is 530213 a composite number?
True
Is 84881 a composite number?
True
Is 63277 prime?
True
Is 14939 composite?
False
Is 24347 a prime number?
False
Is 311677 prime?
True
Is 342101 a prime number?
True
Is 599273 a prime number?
True
Is 75157 prime?
False
Is 13043 a prime number?
True
Is 22177 a composite number?
True
Is 4871 prime?
True
Is 141907 composite?
False
Is 1628051 a prime number?
True
Is 711011 prime?
False
Is 230891 a composite number?
False
Is 51881 composite?
True
Is 70867 composite?
False
Is 12437 a prime number?
True
Is 72613 prime?
True
Is 23703 prime?
False
Is 85331 a prime number?
True
Is 4487 a composite number?
True
Is 260317 a composite number?
False
Is 149269 prime?
True
Is 6521 prime?
True
Is 392143 prime?
True
Is 398651 a composite number?
True
Is 2705 a prime number?
False
Is 9587 prime?
True
Is 7405 a composite number?
True
Is 257707 a prime number?
True
Is 13637 a composite number?
True
Is 45921 prime?
False
Is 1554019 composite?
False
Is 9563 prime?
False
Is 20129 composite?
False
Is 128987 prime?
True
Is 363191 prime?
False
Is 2354797 composite?
False
Is 397697 prime?
True
Is 3149 a composite number?
True
Is 134231 composite?
True
Is 278479 prime?
True
Is 42977 a prime number?
False
Is 1336067 a composite number?
True
Is 92591 composite?
True
Is 17231 prime?
True
Is 950753 a composite number?
False
Is 486757 a prime number?
True
Is 4493 prime?
True
Is 19301 a prime number?
True
Is 387611 a prime number?
False
Is 10369 a prime number?
True
Is 32989 prime?
False
Is 15131 a composite number?
False
Is 7499 prime?
True
Is 54883 a prime number?
False
Is 51899 prime?
True
Is 55487 prime?
True
Is 44141 a composite number?
True
Is 397 a composite number?
False
Is 3541 prime?
True
Is 121523 prime?
True
Is 403467 composite?
True
Is 25097 a prime number?
True
Is 113891 a prime number?
True
Is 157 a prime number?
True
Is 4957 a composite number?
False
Is 6287 prime?
True
Is 37087 a prime number?
True
Is 334658 prime?
False
Is 77338 prime?
False
Is 17149 prime?
False
Is 327979 a prime number?
True
Is 58397 a prime number?
False
Is 2538037 a prime number?
False
Is 826117 composite?
True
Is 216305 composite?
True
Is 483583 a composite number?
True
Is 32647 prime?
True
Is 1619 a composite number?
False
Is 5569 a composite number?
False
Is 1355861 composite?
True
Is 6937 a composite number?
True
Is 32699 composite?
True
Is 3407 a composite number?
False
Is 1174 a composite number?
True
Is 15427 a composite number?
False
Is 376391 a prime number?
False
Is 28319 a prime number?
True
Is 5500751 prime?
False
Is 8654 a composite number?
True
Is 124067 a prime number?
True
Is 12373 a prime number?
True
Is 8287 a prime number?
True
Is 174071 a composite number?
False
Is 45491 a prime number?
True
Is 189179 a composite number?
True
Is 513805 composite?
True
Is 11863 composite?
False
Is 53353 a prime number?
True
Is 1050127 composite?
True
Is 2333 a composite number?
False
Is 692851 a composite number?
False
Is 118117 a prime number?
False
Is 4531 composite?
True
Is 141621 prime?
False
Is 4557433 a composite number?
False
Is 71458 prime?
False
Is 19439 a prime number?
False
Is 6619 a composite number?
False
Is 6899 prime?
True
Is 325057 composite?
True
Is 15191 a prime number?
False
Is 5278355 a composite number?
True
Is 168529 prime?
False
Is 1138177 a prime number?
False
Is 24865 a prime number?
False
Is 48181 a composite number?
True
Is 646717 a prime number?
False
Is 889 a prime number?
False
Is 13901 a prime number?
True
Is 99607 a prime number?
True
Is 41885 a prime number?
False
Is 567187 prime?
True
Is 550211 composite?
False
Is 384533 a composite number?
False
Is 33721 prime?
True
Is 8887 composite?
False
Is 4391 a prime number?
True
Is 55723 composite?
True
Is 630863 prime?
True
Is 131041 composite?
False
Is 401 a composite number?
False
Is 50357 a composite number?
True
Is 2761 a composite number?
True
Is 105767 a composite number?
False
Is 13259 prime?
True
Is 26759 a composite number?
False
Is 125791 prime?
True
Is 2927 composite?
False
Is 574529 prime?
True
Is 330649 composite?
True
Is 38863 prime?
False
Is 39927 a prime number?
False
Is 1242869 prime?
True
Is 5461 a composite number?
True
Is 661279 a prime number?
False
Is 1765079 composite?
False
Is 5209 prime?
True
Is 65498 prime?
False
Is 773671 prime?
False
Is 161 a composite number?
True
Is 3691 a composite number?
False
Is 11821 composite?
False
Is 27397 a composite number?
False
Is 34621 a prime number?
False
Is 6445 composite?
True
Is 12611 composite?
False
Is 171231 prime?
False
Is 357307 composite?
True
Is 120502 a prime number?
False
Is 25901 a composite number?
True
Is 365411 a prime number?
True
Is 43499 a prime number?
True
Is 802322 a prime number?
False
Is 11027 a composite number?
False
Is 4241 prime?
True
Is 693569 a composite number?
False
Is 6943 a composite number?
True
Is 29789 a prime number?
True
Is 3053201 a prime number?
True
Is 24197 prime?
True
Is 1235743 a composite number?
True
Is 6769 a prime number?
False
Is 12965 a prime number?
False
Is 174961 prime?
False
Is 142743 a prime number?
False
Is 1448913 prime?
False
Is 142847 a composite number?
True
Is 11351 a composite number?
False
Is 2039 prime?
True
Is 228133 a composite number?
True
Is 7639 composite?
False
Is 20297 composite?
False
Is 404671 a prime number?
True
Is 93047 a composite number?
False
Is 219587 composite?
False
Is 5557 composite?
False
Is 162151 a composite number?
True
Is 793537 a prime number?
True
Is 7721 a composite number?
True
Is 20707 prime?
True
Is 24251 a prime number?
True
Is 162109 composite?
False
Is 466243 a composite number?
False
Is 1588507 prime?
True
Is 10823 a composite number?
True
Is 231233 a composite number?
True
Is 2171 a composite number?
True
Is 689 composite?
True
Is 5789 prime?
False
Is 492379 a prime number?
False
Is 5557 a prime number?
True
Is 14281 composite?
False
Is 132673 a prime number?
False
Is 2391 composite?
True
Is 2483 a composite number?
True
Is 6595 a prime number?
False
Is 32995 a composite number?
True
Is 27397 composite?
False
Is 211 a prime number?
True
Is 3863 composite?
False
Is 594637 prime?
True
Is 26545 prime?
False
Is 19961 composite?
False
Is 93131 prime?
True
Is 7603 composite?
False
Is 226411 prime?
False
Is 618341 a prime number?
False
Is 3907 prime?
True
Is 34449 prime?
False
Is 12151 a composite number?
True
Is 19 composite?
False
Is 577327 a composite number?
False
Is 580721 a composite number?
True
Is 1559 prime?
True
Is 6613 a prime number?
False
Is 72803 a composite number?
True
Is 171998 a composite number?
True
Is 61091 composite?
False
Is 330266 composite?
True
Is 4629 composite?
True
Is 525289 prime?
False
Is 859 a composite number?
False
Is 546841 a prime number?
True
Is 242951 a prime number?
False
Is 91055 a prime number?
False
Is 20245 composite?
True
Is 3761 composite?
False
Is 425147 a composite number?
False
Is 1641 composite?
True
Is 7993 prime?
True
Is 40693 composite?
False
Is 74 a composite number?
True
Is 3299 a composite number?
False
Is 130111 prime?
False
Is 15833 a prime number?
False
Is 34609 a prime number?
False
Is 1374007 a composite number?
False
Is 292269 a composite number?
True
Is 28414 a composite number?
True
Is 17377 a prime number?
True
Is 33574 a composite number?
True
Is 60321 prime?
False
Is 52237 a composite number?
False
Is 73819 a composite number?
False
Is 610043 prime?
False
Is 2063 a prime number?
True
Is 34231 composite?
False
Is 1215949 composite?
True
Is 38039 a prime number?
True
Is 474809 a prime number?
True
Is 92551 a prime number?
True
Is 543183 a prime number?
False
Is 100141 a composite number?
True
Is 10201 a composite number?
True
Is 22531 a composite number?
False
Is 23357 a prime number?
True
Is 144667 composite?
False
Is 478963 prime?